
True
Suppose 3*a + 3*u = 8*u + 27, -2*a + 18 = -u. Suppose a - 4 = 5*v. Is v/(-4) + (-564)/(-16) prime?
False
Suppose 4*d - z + 2807 = -0*d, -d - 5*z = 686. Let m = d - -1032. Is m prime?
True
Suppose 29*a = 28*a + 12022. Is a a prime number?
False
Suppose -5*s = 2*j + 3, -6 = 4*s + 4*j + 6. Suppose 47*z - 26*z = 84. Suppose s = z*t - 155. Is t prime?
False
Let c be (2 + 1)*(-2284)/6. Suppose -2*p - 831 - 699 = 0. Let n = p - c. Is n composite?
True
Let u(t) be the third derivative of -t**6/120 - t**5/20 + t**4/12 + t**3/2 + 3*t**2. Let f be u(4). Is (-3)/(-3)*(-4 - f) a composite number?
False
Let i(j) = -j**3 - j**2 + j + 99. Let v = 22 - 22. Let r be i(v). Let l = r + -46. Is l a prime number?
True
Let b = 9054 + -2969. Is b composite?
True
Suppose -5*r + 53 = 4*n, 0 = -2*n - 4*r + 28. Suppose 536 = 4*t - n. Suppose 2*b - d - 84 = 0, 2*b = 5*b + 4*d - t. Is b prime?
True
Suppose -2020 + 28176 = 4*b. Is b composite?
True
Suppose 0*c - 5*c - 4*j = -290587, -2*j - 4 = 0. Is c a composite number?
True
Let l(d) = 9594*d - 7. Is l(1) composite?
False
Suppose -3*d + 4*f - 7 = 0, d + 2*f = 7 + 4. Suppose 8*b = d*b + 1090. Let a = -91 + b. Is a composite?
False
Let o(q) = -1514*q + 37. Is o(-5) composite?
False
Suppose 0 = 5*r - 10 - 10, -r = -5*y + 361. Suppose 2*u - 18 = -4*l, -4*l - 3 = 5*u - 24. Suppose -x - 4*f - y = -426, -4*f = -l*x + 1512. Is x composite?
False
Let i be 0 + -10 + 3 + 1. Is ((-787)/3)/(i/18) a composite number?
False
Let f be 30/(-9)*9/4*-4. Is 293/1 - -1 - f/30 composite?
False
Suppose -n - 8457 = -2*n + 4*c, 0 = 2*n - 2*c - 16890. Is n a composite number?
True
Let d = 10254 + -1753. Is d a composite number?
False
Let u = -1932 - -5729. Is u a prime number?
True
Is -2*8/16 + 23044 a composite number?
True
Let q be (168/(-32))/(6/(-16)). Suppose -q*p = -13*p - 1361. Is p prime?
True
Is (-325700)/(-40) - (10/4)/(-5) prime?
False
Let j(b) = 8 - 17 + b - 5. Let a be j(8). Is 254/a*(1 + -4) a prime number?
True
Suppose 4*z - 8225 = -5*q - 400, 3102 = 2*q - 4*z. Is q composite?
True
Suppose -3*w - 83976 = -0*p - 3*p, 2*w - 27983 = -p. Is p a composite number?
True
Suppose -17*c + 243807 - 50840 = 0. Is c prime?
True
Suppose -v = 4*v. Suppose -t + 17 = 5*p, 4*t + v*t = p - 16. Suppose 4*j = -5*k + 4661, -p*j + 2350 = -2*j - 4*k. Is j a composite number?
True
Is (6 - 64/12) + (-12602)/(-6) a prime number?
False
Suppose -5*m = -5*l + 3120, 3*l - 4*l - 3*m = -620. Is l a prime number?
False
Let b = 130881 - 49442. Is b prime?
True
Let s = -10 + 15. Suppose 151 - 2491 = n + 3*w, 5*n = -s*w - 11680. Is ((-8)/(-12))/((-4)/n) composite?
False
Is 146/(-584) - ((-127689)/4 + 1) a composite number?
True
Let v = 5 - 2. Suppose 4*z - 10 = -4*b + 34, -v*z = 2*b - 34. Is (97/2)/(6/z) composite?
False
Let r(t) be the third derivative of -7*t**4/12 - 5*t**3/6 - 14*t**2 - 1. Let z be (2/(-2)*11)/1. Is r(z) a prime number?
True
Let s = -317 - 16. Let m = 832 + s. Is m composite?
False
Let p(y) = 2*y**2 + 12*y + 3. Let n be p(-6). Suppose -3*h - z = -468, 2*h - z = -2*z + 312. Suppose h + 135 = n*a. Is a prime?
True
Let o = 4735 + -3238. Is o composite?
True
Let b be ((-3)/(-3) + 1)/1. Suppose -b*y = -y - w, 4*w - 10 = 2*y. Suppose -227 = 3*o - 6*o - 4*l, -y*o + 360 = 3*l. Is o prime?
False
Let v = -9 - -11. Suppose 15 = -v*j + 5*j. Suppose -j*u + 2392 + 2143 = 0. Is u a prime number?
True
Suppose 2*m - 4 = m. Let h(p) = 38*p + 9. Let w(o) = -o + 1. Let s(z) = h(z) - 2*w(z). Is s(m) composite?
False
Suppose 18 = 2*p - 3*d, 5*d - d = -p + 20. Is -591*p/(-54) + 2/(-6) prime?
True
Let u = 26254 + -17540. Is u prime?
False
Suppose -2*r + 36838 = 5*p, -4*p - 18417 = -r - 6*p. Is r a composite number?
True
Is 6 - 14676/(-18) - (-6)/(-18) composite?
False
Let c(j) = 564*j - 53. Is c(4) a prime number?
True
Let z(x) = 8*x**3 - 8*x**2 - 6*x + 23. Is z(7) a prime number?
True
Let p be (21/(-3) + 1)/(-2). Suppose -p = 2*g - g. Is (g - -1)/((-3)/15) a composite number?
True
Let a(y) = 155*y**2 + 3*y - 1. Suppose 2*q - 4*b = 4, 0 = 3*q + 3*b + b + 14. Is a(q) a composite number?
False
Suppose 23*i - 6571 = 20*i + 2*c, -c - 2 = 0. Is i prime?
False
Let t = -484 - -4521. Is t a composite number?
True
Let q = 3051 - 5597. Let t = 4483 + q. Is t a prime number?
False
Suppose 4 = s, 2*s = -z - 0*s + 8. Suppose 5*l - c - 11400 = 0, l + z*c + 3*c = 2296. Is l prime?
True
Suppose -17 = 3*x - 3*q + 55, -q - 132 = 5*x. Let b = x + 22. Let t(s) = 17*s**2 - 5*s + 1. Is t(b) a composite number?
False
Suppose 4*q + 12 = 0, -4*z = -6*z + 5*q + 15. Let l(n) = 13*n + z*n - 11 + 3. Is l(9) a composite number?
False
Let g be (-5)/(1 + 0)*-2. Suppose -g = -5*b - 0*b. Suppose r - b*p - 3*p - 336 = 0, -r + 327 = 4*p. Is r prime?
True
Suppose v = 3*w - 4*w + 147, 4*w - 300 = -2*v. Let k(r) = -2*r**2 + 43. Let a be k(-8). Let u = v + a. Is u composite?
False
Let q(v) = -89*v**3 - 12*v**2 - 15*v + 65. Is q(-9) a composite number?
False
Let v(j) be the second derivative of -151*j**3/6 + 7*j**2/2 - 3*j. Let r be v(-4). Suppose 4*a = a + 5*u + 1748, -4*u = a - r. Is a prime?
False
Let i = -259970 - -416755. Is i composite?
True
Suppose -3*s + 1496 = w, 3*w - 2976 = w + 2*s. Suppose 4*l = -2*u + w, l - 368 = -3*u - 2*u. Is l prime?
True
Let x be (3 - 2)/((-4)/(-388))*2. Suppose 0 = o + 5*f - x, f - 704 = -4*o + 5*f. Is o a prime number?
True
Suppose 2*o = -w - 2*w + 8, 5*w - 10 = 0. Let p be o/(1 - -1)*8. Suppose -42 = -y - 5*t, p*y - 388 + 105 = 3*t. Is y composite?
False
Suppose 803 = -2*u + 7129. Is u a composite number?
False
Suppose -4*o = 5*u - 6, -2*u = 3*u - 5*o - 15. Suppose -u*q = -1 - 7. Suppose 3*f - q*f = -223. Is f composite?
False
Let c(r) = 5*r**2 + 7*r - 8. Let p be c(-5). Suppose 0 = t - 3*t + 10. Suppose -3*s + 4*s = 3*v + 34, 3*s - t*v = p. Is s a composite number?
False
Suppose 0 = -k + s + 822, 6*k - k = 3*s + 4102. Let n = 124 + -63. Suppose k = 3*t - n. Is t a prime number?
True
Suppose -25 = -4*t - 3*o, -2*t - 3*o + 7 = -4. Let v = 254 + 366. Suppose 3*a + v = t*a. Is a a composite number?
True
Let k = -1548 - -10502. Let t = k - 6225. Is t a composite number?
False
Let r be (-6)/(-3) + 4 + (-2)/1. Suppose 1465 + 821 = 2*p + 2*z, r*z = 3*p - 3415. Is p composite?
True
Let i(h) = -h - 7. Let s be i(-8). Is (27837/(-81))/((-4)/3 + s) composite?
False
Suppose 23*z - 86 = 6. Let h be 2/(-4) - 7/(-2). Suppose -2 = -y, h*y + 249 = z*x - 3061. Is x a prime number?
True
Let u be (-1)/4 + 314/8. Suppose 4*s + k = u - 10, 5*s - 34 = -2*k. Is (-14)/(5/((-740)/s)) composite?
True
Let x(c) = c + 1. Let b(p) = -87*p + 10. Let k(g) = -b(g) + 2*x(g). Let l be ((-5)/10)/(-5 + 49/10). Is k(l) a prime number?
False
Let y = 1655 - 688. Is y a composite number?
False
Let x(c) be the third derivative of c**5/30 - 5*c**4/24 + c**3/6 + c**2. Let d be x(4). Is (d/2)/((-5)/(-50)) prime?
False
Suppose 0 = 4*y + b + 3381, -2*y + 4*b + 415 = 2083. Let v be (-1 + 0)/(2/562) - 0. Let q = v - y. Is q prime?
True
Suppose 0 = -2*d - 2*b + 10, 3*d - 5*b + 4*b - 11 = 0. Let i(w) = 10 + w**3 + 0*w - 2*w**3 - 1 - d*w - 9*w**2. Is i(-10) prime?
True
Suppose -11*b - 30548 = -15*b. Is b composite?
True
Let h = -147 + 219. Let z = 122 + h. Suppose -3*p - 2*l = -571, -p - 3*l - z = -2*p. Is p a prime number?
True
Let q(f) = -22 - 186*f - 7 - 136*f + 80*f. Is q(-9) composite?
True
Is (-8281)/(-11) - 80/(-440) a composite number?
True
Let n = -7 - -9. Suppose -4*t - 3*r - 53 = n*r, -56 = 4*t + 4*r. Let c = t - -174. Is c a composite number?
False
Let t(j) = j**2 + j + 1. Let a(u) = 4*u**2 + 22*u + 6. Let q(d) = a(d) - 5*t(d). Let s be q(13). Let c = s - -32. Is c composite?
True
Is 1/(9*(-8)/(-623088)) composite?
True
Let x = 89528 + -56713. Is x a prime number?
False
Let l = 880 + -127. Is l a prime number?
False
Let t(g) = 3*g**2 + g - g + 3 + g. Suppose -32 = -3*z - 20. Is t(z) a composite number?
True
Suppose 3*i = -5*a + 39, 0 = -i - 3*a - 0*a + 17. Let g = i - -5. Is g prime?
True
Let x = -138 + -169. Let u = 1834 + x. Suppose 10*a - u = 7*a. Is a a prime number?
True
Let r = -105 + 42. Is 9/r - 5728/(-14) a prime number?
True
Is (-38)/(-114) + 3508/6 + 2 a composite number?
False
Suppose -4*d + 24 - 128 = 0. Let p be (-74)/d + 4/26. Suppose -p*c = -4*c + 14. Is c prime?
False
Let r = 435 + -869. Le